Let q(r) = 17*r**2 - 3*r - 3. Suppose -8*c + 4*c = -4. Let s(d) = d**2 - d - 1. Let t(h) = c*q(h) - 2*s(h). What is the units digit of t(-1)?
5
Let o(y) = 3*y + 1. Let a(f) = -f + 1. Let s(j) = 4*a(j) + o(j). What is the tens digit of s(-5)?
1
Let o = 20 - 18. Suppose -2*c - c + 24 = -o*y, 5 = -c + 5*y. What is the tens digit of c?
1
Suppose -7*s + 2*s + 4*c - 297 = 0, 2*c + 4 = 0. Let p = -26 - s. What is the units digit of p?
5
Let l = 63 - 26. What is the tens digit of l?
3
Suppose -5*t + 9 + 16 = 0. Suppose -t*r - 8 = 2. Let y = r - -5. What is the units digit of y?
3
Let o be 2*(1 + 1/(-2)). Let b be o*18*2 + -1. Suppose 2*x - 4*x + 14 = -3*l, 0 = -5*x - l + b. What is the units digit of x?
7
Let v(o) be the third derivative of -o**5/60 + 3*o**4/8 - o**3 - 3*o**2. What is the units digit of v(7)?
8
Let f = 5 - -4. What is the units digit of f?
9
Let p(f) = f**2 + f - 3. Let r be p(-4). Let k be (-3 + 4)/((-3)/r). What is the units digit of (-75)/10*4/k?
0
Let l(w) = 19*w**2. What is the units digit of l(-1)?
9
Let w = 25 + 17. What is the tens digit of w?
4
Let k be 3/(-2) - (-4)/8. What is the units digit of -3*k/3 - -2?
3
Let w(s) = -5 + 8 + 2*s + 0 + 3. What is the tens digit of w(10)?
2
What is the units digit of ((-34)/51)/(2/(-117))?
9
Let d = -22 - -102. What is the tens digit of d?
8
What is the tens digit of 4/(-30) + 152/15?
1
Let v = 5 - 11. Let r = v + 10. What is the units digit of r?
4
Let q be 32 + -2 + 4 + 0. Suppose -4*z - z + 5*i = 20, q = -4*z - 5*i. What is the units digit of -2 + z/4*-4?
4
Suppose -3*z = -z + 16. Let u = 19 - 6. Let n = z + u. What is the units digit of n?
5
Let o(h) = -2*h**2 - 6*h + 4. Let n be o(-5). Let r = n + 28. What is the units digit of r + (2 + -6)/(-2)?
4
Suppose s + 2*s + 18 = 0. Let z be (7 + -3)*s/(-8). Suppose 5*n + 3 = -4*q, -4*n + q + 12 = -z*q. What is the units digit of n?
1
Let r = -121 + 213. What is the units digit of r?
2
Let y = -8 - -18. What is the tens digit of y?
1
Suppose -2*y - 11 - 5 = 0. Let i = y + 15. What is the units digit of i?
7
Let n = 24 + -8. Suppose c - n = 3. What is the units digit of c?
9
Suppose s = -s + 6. Suppose -y - 6 = -2*x - 0*x, 3*x = -s*y + 18. What is the units digit of y?
2
Let j = 10 + -7. Suppose -b + j = -6. What is the units digit of b*(-3)/(-3*1)?
9
What is the tens digit of (2/6*6)/(2/168)?
6
Let a(r) = 23*r. Let u(i) = 4*i. Let q(l) = 6*a(l) - 34*u(l). What is the units digit of q(1)?
2
Suppose -6*k + 8*k = 176. What is the tens digit of k?
8
Let u(k) = 5*k**3 + k**2 - k. Suppose z = -3*w + 4, -w + 0*w = -1. What is the units digit of u(z)?
5
Let x = 28 + -7. What is the tens digit of x?
2
Let i(m) = 6 - 10 - 3*m - m**2 - m**3 - 8*m**2. What is the units digit of i(-9)?
3
Suppose 3*w - 13 = 17. What is the tens digit of w?
1
Let l = 7 - 3. Suppose s - l*i + 2 = 0, -15 = -5*s + i + 13. Suppose 2*n + 40 = s*n. What is the tens digit of n?
1
Suppose 2*v - 4*v = -288. What is the units digit of v?
4
Suppose -2*c - 12 = -3*s + 7*s, 2 = -c. Suppose -73 - 112 = -4*h - 5*t, h = -3*t + 55. What is the units digit of h/6 + s/(-6)?
7
Suppose -5*f + 34 - 9 = 0. What is the units digit of f?
5
Let m = -4 + 8. Suppose -3*f + 2*f + 3 = -4*i, 3*f + m*i = -7. What is the units digit of f/(2 - (2 - -1))?
1
Let m be (-184)/32 - -6 - 55/(-4). Let h(p) = -p**2 - 2*p + 1. Let o be h(-3). Let c = m - o. What is the tens digit of c?
1
Let g(j) = -j**2 + 14*j - 17. Let m(d) = d - 1. Let n(k) = -g(k) + 5*m(k). What is the units digit of n(8)?
4
Suppose h - 1 = 14. What is the units digit of h?
5
Let s = 3 + -2. Suppose u + 0*u = 2. Let m = u + s. What is the units digit of m?
3
Let y = -192 - -336. What is the tens digit of y?
4
What is the units digit of ((-21 - 2) + -1)*3/(-6)?
2
Let j = 2 + 1. Suppose -x + j = 2. What is the units digit of x?
1
Let n(x) = -x**3 + 6*x**2 - 5*x. Let s be n(5). Suppose 3*p - 6*p + 27 = s. What is the units digit of p?
9
Suppose -3*m = -2*m - 28. Suppose 0 = -4*v - 2*d + 88, 3*d = 4*v - 3*v - 8. Let s = m - v. What is the units digit of s?
8
Suppose -j - 30 = 2*j. What is the units digit of (2 + 18)*(-8)/j?
6
Let n(d) = -d**2 + d + 93. What is the tens digit of n(0)?
9
Suppose 2*q - z + 0 = 2, -z = 3*q + 2. Suppose -2*w + q = -4. Suppose w*h + 2*u - 18 = 0, u - 5 = -4*u. What is the units digit of h?
8
What is the tens digit of 0 - -1 - (-1 - (4 + 31))?
3
Let m(d) = 26*d - 21. What is the hundreds digit of m(6)?
1
Let i be 67/4 + (-3)/(-12). Suppose 4*l + 34 = 2*a, -a + 5*l - l + i = 0. What is the tens digit of a?
1
Suppose -4*x - 4*g = -6*g + 28, -5*g = x + 7. Let p(y) = -y - 5. Let l be p(x). Suppose -4*n + 8 = 2*r, 7*n + 3*r - 11 = l*n. What is the units digit of n?
1
Let s = 17 + 111. What is the units digit of s?
8
Let o(y) = -3*y - 1 + 0 - 1 + 3. What is the units digit of o(-1)?
4
Let a(i) = i**2 + 3*i - 5. What is the units digit of a(5)?
5
Suppose -8 = -3*n + n. Suppose -2*y + 2*r - 3 = -9, -y - n*r + 13 = 0. Let k = 11 - y. What is the units digit of k?
6
Let x(n) = -4*n - 3. Suppose 5*d - 4*q = 54, 0*d + 2*q = -5*d + 48. Suppose 2*t - 3*c + c = 0, -2*t + 4*c = -d. What is the tens digit of x(t)?
1
Let y(l) = l + 6. Let z be y(-6). Let c = 7 - z. What is the units digit of c?
7
Let v be (-16)/6*297/12. What is the units digit of (12/(-4))/(9/v)?
2
Suppose g = l - 2*l - 2, -4*g = -4*l + 16. Suppose 2 = a + l. What is the units digit of a?
1
Let i = -14 + 31. Suppose -b = 2*x + x, 3*b = -x - 32. Let g = b + i. What is the units digit of g?
5
Let f(v) = -9*v**2 - v. Let a be f(3). Let r be -3*(a/9 + 0). Suppose 3*l - 44 = -4*b, -3*l + l + r = 2*b. What is the tens digit of l?
1
Suppose v = 9 - 5. Let o(x) = x**3 - 5*x**2 - 2*x - 8. Let g be o(6). Suppose 4*i = g + v. What is the units digit of i?
5
What is the units digit of (1 - 4)*(-10 - 0)?
0
Suppose -164 = -4*h - 6*g + g, -104 = -3*h + g. What is the tens digit of h?
3
Let l(r) = r + 6. Let s be l(-5). Let p(h) = 8*h**3 + h**2 - 1. What is the units digit of p(s)?
8
Let u(b) = -b**3 + 5*b**2 - 3*b. Suppose 2*p + 18 = -2*p - 2*h, 2*p + 2*h = -14. Let q = p - -6. What is the units digit of u(q)?
4
Let j(y) = -y**3 + 1. Let p be j(1). Suppose p = m - 3 - 3. Let h = m + -3. What is the units digit of h?
3
Let u = 170 - 105. Suppose -5*j + 2*i + 94 = 20, -5*i = -5*j + u. What is the tens digit of j?
1
Suppose -3*s - 16 = -7*s. Suppose 4*u - 30 = -n + 3*u, s*u = -n + 36. What is the tens digit of n?
2
Suppose 0 = 2*c - 2*j - 70, 0*c + 2*c + 3*j = 80. What is the units digit of c?
7
Let l = -2 - -4. Suppose -l = -2*g + 26. Suppose 0 = -0*i - 2*i + g. What is the units digit of i?
7
Let s(y) = 2*y - 18. Suppose 4*n + n - 80 = 0. What is the tens digit of s(n)?
1
Suppose 218 = 2*j + 32. What is the tens digit of j?
9
Suppose -65 = -3*d + 112. What is the units digit of d?
9
Let b(j) = -j**2 + 6*j - 5. Let r be b(2). Suppose 4*a - 58 = -r*m + m, -46 = -3*a - 4*m. What is the tens digit of a?
1
Suppose 5*c - 2*w - 14 = 0, c - 4 = 3*w - 2*w. Suppose -6*r + 10 = -r. Suppose -2*z + c*d + 4 = 0, r*d = -3*z - 3*d + 6. What is the units digit of z?
2
Suppose -2*v = 3*v. Suppose v*w - w + 31 = -f, -3*w + 4*f + 97 = 0. Let i = w - 16. What is the units digit of i?
1
Let r be -2 + -1 + 1*-2. Let a(n) = -9*n - 4. Let x(m) = -14*m - 6. Let d(s) = 8*a(s) - 5*x(s). What is the units digit of d(r)?
8
Let t be 6/3 + (-14)/2. Suppose 0*a - 40 = -5*a. Let x = a + t. What is the units digit of x?
3
Suppose z + 4 - 11 = 4*g, -2*z + 4*g + 6 = 0. What is the units digit of -14*(-1 + z/(-7))?
2
Suppose -4 - 2 = -3*y. Suppose j + q + 3*q - 20 = 0, -y = -j + 2*q. Suppose 0 = -2*o - j + 20. What is the units digit of o?
6
Suppose -v = 4*f - 103, -5*f - 8 = -2*v + 133. What is the tens digit of v?
8
Let z(w) = 11*w. Let x be z(5). Let v(d) = 7*d**3 + d - 1. Let b be v(1). Suppose -b*s + 2*s = -x. What is the units digit of s?
1
Let v be 0/1*(-2)/(-4). Suppose 0 = -i - 6*z + 3*z, v = i - 5*z - 40. Let d = 2 + i. What is the units digit of d?
7
What is the tens digit of (-57)/133 + (-916)/(-14)?
6
Let q = 6 - 7. Let h(m) = 10*m**2 - m - 1. What is the tens digit of h(q)?
1
Let a = 270 + 9. What is the tens digit of a?
7
Let z be (0 + -6)/(6 + -8). Let i be 9/(-6)*28/(-3). Let o = i - z. What is the units